{"id":3,"date":"2026-01-28T10:57:49","date_gmt":"2026-01-28T10:57:49","guid":{"rendered":"https:\/\/test.vikarbasen.dk\/?page_id=3"},"modified":"2026-03-03T19:03:46","modified_gmt":"2026-03-03T19:03:46","slug":"privacy-policy","status":"publish","type":"page","link":"https:\/\/vikarbasen.dk\/index.php\/privacy-policy\/","title":{"rendered":"Databeskyttelsespolitik"},"content":{"rendered":"\n<h2 class=\"wp-block-heading has-large-font-size\">Databeskyttelsespolitik<\/h2>\n\n\n\n<h2 class=\"wp-block-heading has-medium-font-size\"><strong>Hvem er vi?<\/strong><\/h2>\n\n\n\n<p class=\"has-medium-font-size\">Vikar Basen&nbsp; (\u201dvi\u201d, \u201dos\u201d, \u201dvores\u201d)<br>Frydenlundsvej 30<br>2950&nbsp; Vedb\u00e6k<br>Telf.: 44530055<br>vikar@vikarbasen.dk<br>www.vikarbasen.dk<br>CVR: 41615818<\/p>\n\n\n\n<p class=\"has-medium-font-size\"><strong>Introduktion<\/strong><\/p>\n\n\n\n<p class=\"has-medium-font-size\">N\u00e5r Vikar Basen i forbindelse med formidling af vikarer til kunder behandler personoplysninger, anser vi os for databehandler af alle de oplysninger vedr\u00f8rende en vikars baggrund, der er n\u00f8dvendige for at vurdere vikarens egnethed og r\u00e5dighed til at udf\u00f8re vikaropgaver hos vores kunder. &nbsp;Hvis det viser sig at v\u00e6re tilf\u00e6ldet, f\u00e5r den dataansvarlige (kunder) overdraget disse oplysninger, og anvender dem til egen forretning og uden instruks.<\/p>\n\n\n\n<p class=\"has-medium-font-size\">Som dataansvarlig er Vikar Basen&nbsp; direkte dataansvarlig for administration for jobans\u00f8gere samt for nuv\u00e6rende og tidligere tilknyttede vikarer og ansatte i virksomheden.<\/p>\n\n\n\n<p class=\"has-medium-font-size\"><strong>Hvorn\u00e5r indsamler vi dine personoplysninger?<\/strong><\/p>\n\n\n\n<p class=\"has-medium-font-size\">Vi indsamler dine oplysninger fra det \u00f8jeblik, du angiver dine oplysninger p\u00e5 vores websted, vi registrerer dig i vores database, sender os mails eller bliver registreret p\u00e5 andre m\u00e5der for at g\u00f8re brug af vores ydelser eller samarbejde med os.<\/p>\n\n\n\n<p class=\"has-medium-font-size\"><strong>Hvorfor indsamler og behandler vi personoplysninger om dig?<\/strong><\/p>\n\n\n\n<p class=\"has-medium-font-size\">For at vi kan indsamle og behandle dine oplysninger, for at kunne tilbyde vores vikarydelser, udf\u00f8re l\u00f8nadministration, personaleadministration og personaleledelse.<\/p>\n\n\n\n<ol class=\"wp-block-list\">\n<li class=\"has-medium-font-size\">For at vi kan tilbyde dig vikariater samt at kunne koordinere disse med dine krav og kvalifikationer.<\/li>\n\n\n\n<li class=\"has-medium-font-size\">For at sende dig information, som du kunne v\u00e6re interesseret i, men kun hvis du har tilmeldt dig dette.<\/li>\n\n\n\n<li class=\"has-medium-font-size\">For at vurdere din egnethed eller r\u00e5dighed i forbindelse med placering i faste eller tidsbegr\u00e6nsede vikariater, hvor unders\u00f8gelse af referencer m.m. evt. ogs\u00e5 benyttes med henblik p\u00e5 at kvalitetssikre, at vi har det rigtige match mellem dig og vikariatet.<\/li>\n\n\n\n<li class=\"has-medium-font-size\">For at indg\u00e5, opretholde og afslutte en tilknytnings-, konsulent- eller ans\u00e6ttelsesaftale med dig og kunne udf\u00f8re de relevante administrative opgaver i den forbindelse.<\/li>\n\n\n\n<li class=\"has-medium-font-size\">For at registrere en opgave i en ordrebekr\u00e6ftelse med kunden samt administrere og overholde aftalen med kunden.<\/li>\n\n\n\n<li class=\"has-medium-font-size\">For at behandle data for vores kunder i forhold til vurdering inden vikariatet aftales.<\/li>\n\n\n\n<li class=\"has-medium-font-size\">For at vurdere din personlige udvikling og besk\u00e6ftigelsesegnethed med referencer for at kvalitetssikre det rigtige match mellem dig og kundens vikariat.<\/li>\n\n\n\n<li class=\"has-medium-font-size\">For at administrere, herunder administration af oplysninger, organisering af intern overholdelse og kontrol, forretningssikkerhed, revision og dataanalyse samt generel revision<\/li>\n\n\n\n<li class=\"has-medium-font-size\">For at kunne overholde g\u00e6ldende love og regler, evt. en aftale el.lign. med dig, herunder men ikke begr\u00e6nset til, arbejdslovgivning, skatte- og socialpolitisk lovgivning, begr\u00e6nsning af svindel samt national og international sanktionslovgivning.<\/li>\n<\/ol>\n\n\n\n<p class=\"has-medium-font-size\">Vi behandler de personoplysninger, der er n\u00f8dvendige for at kunne levere vores ydelser.<\/p>\n\n\n\n<p class=\"has-medium-font-size\">Nogle af disse oplysninger er obligatoriske, hvis du skal kunne benytte vores service.&nbsp; Det kan v\u00e6re n\u00f8dvendigt at indsamle yderligere oplysninger for at kunne matche vores vikariater bedre med dine krav og kvalifikationer eller for at im\u00f8dekomme mere specifikke kundeanmodninger eller forpligtelser.<\/p>\n\n\n\n<p class=\"has-medium-font-size\">Du er selv ansvarlig for, at de angivne oplysninger er n\u00f8jagtige og relevante.<\/p>\n\n\n\n<p class=\"has-medium-font-size\"><strong>Hvilke personoplysninger behandler vi om dig<\/strong><\/p>\n\n\n\n<p class=\"has-medium-font-size\">Navn, adresseoplysninger, mobiltelefonnr., e-mailadresse, cpr.nr., eget foto, ans\u00f8gning og udtalelser og notater.<\/p>\n\n\n\n<p class=\"has-medium-font-size\">Andre oplysninger, som er eller kunne v\u00e6re vigtige i forhold til vurderingen af dine kompetencer, som f.eks. referencer og certifikater, opholds- og arbejdstilladelse.<\/p>\n\n\n\n<p class=\"has-medium-font-size\"><strong>Uopfordrede ans\u00f8gning pr. mail<\/strong><\/p>\n\n\n\n<p class=\"has-medium-font-size\">Uopfordrede ans\u00f8gninger sendt til vores mailadresse besvarer, vurderer og gemmer i 6 m\u00e5neder, hvorefter vi sletter de ans\u00f8gere, der ikke blev tilknyttet.<\/p>\n\n\n\n<p class=\"has-medium-font-size\"><strong>N\u00e5r du begynder at arbejde for og har arbejdet for Vikar Basen<\/strong><\/p>\n\n\n\n<p class=\"has-medium-font-size\">Navn og adresseoplysninger, e-mailadresse og mobiltelefon.<\/p>\n\n\n\n<p class=\"has-medium-font-size\">Alder og k\u00f8n, CV, uddannelse, eksamensbevis, praktik, arbejdserfaring, sprogkundskaber, oplysninger om kurser og uddannelse.<\/p>\n\n\n\n<p class=\"has-medium-font-size\">Oplysninger om ledighed, A-kasse og orlov, nationalitet, CPR-nummer, ID-nr., arbejdstilladelse og opholdstilladelse, straffeattest samt andre oplysninger til personaleadministration.<\/p>\n\n\n\n<p class=\"has-medium-font-size\">L\u00f8n, konto nr., skatteforhold, pensionsselskab og registrering af ferie, frav\u00e6r, sygdom, l\u00e6geerkl\u00e6ringer, ans\u00e6ttelsessted (vikariat), ans\u00e6ttelsesbekr\u00e6ftelser.<\/p>\n\n\n\n<p class=\"has-medium-font-size\"><strong>Hvem deler vi dine personlige oplysninger med?<\/strong><\/p>\n\n\n\n<p class=\"has-medium-font-size\">Vi deler dine oplysninger med vores kunder (databehandlere), som varetager eller udf\u00f8rer opgaver p\u00e5 dennes vegne og med leverand\u00f8rer, o\ufb00entlige myndigheder, pensionsselskaber, og andre forretningsforbindelser og i alle andre tilf\u00e6lde, hvor vi kan blive p\u00e5lagt at g\u00f8re dette, f.eks. ved dom eller kendelse.<\/p>\n\n\n\n<p class=\"has-medium-font-size\"><strong>Hvor l\u00e6nge opbevarer vi dine personoplysninger?<\/strong><\/p>\n\n\n\n<p class=\"has-medium-font-size\">S\u00e5 l\u00e6nge du er tilknyttet Vikar Basen. N\u00e5r du stopper bliver alle personoplysninger slettet undtaget oplysninger til l\u00f8nregnskabet, som vi arkiverer i 5 \u00e5r efter fratr\u00e6delsesdatoen.<\/p>\n\n\n\n<p class=\"has-medium-font-size\">Hvis du ikke l\u00e6ngere \u00f8nsker at v\u00e6re registreret hos os, kan du afmelde dig ved at sende en e-mail til <a href=\"mailto:info@teknikbureauet.dk\">vikar@vikarbasen.dk<\/a>. Dine data vil derefter blive slettet og du vil derefter ikke l\u00e6ngere blive kontaktet eller modtage tilbud fra Vikar Basen.<\/p>\n\n\n\n<p class=\"has-medium-font-size\"><strong>Din adgang til dine personoplysninger<\/strong><\/p>\n\n\n\n<p class=\"has-medium-font-size\">Du har ret til indsigt i dine personoplysninger. Hvis du er oprettet i vores database kan du selv rette dem og du kan f\u00e5 adgang via vores database eller ved henvendelse til \u2013 <a href=\"mailto:info@teknikbureauet.dk\">vikar@vikarbasen.dk<\/a><\/p>\n\n\n\n<p class=\"has-medium-font-size\"><strong>Hvordan slette, \u00e6ndre eller g\u00f8re indsigelse?<\/strong><\/p>\n\n\n\n<p class=\"has-medium-font-size\">Hvis du \u00f8nsker dine personoplysninger slettet, \u00e6ndret, g\u00f8re indsigelse eller behandlet, kan du kontakte <a href=\"mailto:info@teknikbureauet.dk\">vikar@vikarbasen.dk<\/a><\/p>\n\n\n\n<p class=\"has-medium-font-size\"><strong>Dataportabilitet<\/strong><\/p>\n\n\n\n<p class=\"has-medium-font-size\">Du kan kontakte <a href=\"mailto:info@teknikbureauet.dk\">vikar@vikarbasen.dk<\/a>, s\u00e5fremt du \u00f8nsker at udnytte din ret til at f\u00e5 dine data udleveret i et maskinl\u00e6sbart format.<\/p>\n\n\n\n<p class=\"has-medium-font-size\"><strong>Samtykke<\/strong><\/p>\n\n\n\n<p class=\"has-medium-font-size\">N\u00e5r vi behandler personoplysninger baseret p\u00e5 dine samtykker, har du til enhver tid ret til at tr\u00e6kke dit samtykke tilbage. For at tilbagekalde samtykke til vores behandling af dine personlige oplysninger, bedes du kontakte <a href=\"mailto:info@teknikbureauet.dk\">vikar@vikarbasen.dk<\/a><\/p>\n\n\n\n<p class=\"has-medium-font-size\"><strong>Sikkerhed<\/strong><\/p>\n\n\n\n<p class=\"has-medium-font-size\">Vikar Basen&nbsp; administrerer og h\u00e5ndterer personoplysninger if\u00f8lge fastlagte retningslinjer, s\u00e5 fortrolighed og dataintegritet fastholdes gennem, adgangsstyring, clean desk policy og kryptering.<\/p>\n\n\n\n<p class=\"has-medium-font-size\">N\u00e5r vi behandler dine personoplysninger kan de i forbindelse med vore kunders databehandling blive opbevaret og behandlet i andre lande. Vi afgiver personoplysninger p\u00e5 baggrund af en legitim interesse, juridisk forpligtelse og\/eller for at kunne opfylde kontrakten i overensstemmelse med de form\u00e5l, som er angivet under afsnittet \u201cHvorfor indsamler vi dine personoplysninger?<\/p>\n\n\n\n<p class=\"has-medium-font-size\">Vikar Basen har truffet de n\u00f8dvendige foranstaltninger for at sikre, at alle personoplysninger, der videregives, beskyttes korrekt mod tab eller ulovlig behandling.<\/p>\n\n\n\n<p class=\"has-medium-font-size\"><strong>Kontakt<\/strong>: Har du sp\u00f8rgsm\u00e5l, kommentarer, klager eller (mistanke om) datal\u00e6kager bedes du henvende dig til Vikar Basen. p\u00e5 denne mailadresse: <a href=\"mailto:info@teknikbureauet.dk\">vikar@vikarbasen.dk<\/a><\/p>\n\n\n\n<p class=\"has-medium-font-size\"><strong>Tekniske oplysninger<\/strong><\/p>\n\n\n\n<p class=\"has-medium-font-size\">Hvis du har sp\u00f8rgsm\u00e5l om tekniske forhold bedes du henvende dig til <a href=\"mailto:info@teknikbureauet.dk\">vikar@vikarbasen.dk<\/a><\/p>\n\n\n\n<p class=\"has-medium-font-size\"><strong>\u00c6ndringer i denne databeskyttelsespolitik<\/strong><\/p>\n\n\n\n<p class=\"has-medium-font-size\">Vi anerkender, at databehandling er et l\u00f8bende ansvar. Vi vil derfor kontinuerligt gennemg\u00e5 og opdatere denne databeskyttelsespolitik.<\/p>\n\n\n\n<p class=\"has-medium-font-size\">Databeskyttelsespolitikken er opdateret 15. marts 2026.<\/p>\n","protected":false},"excerpt":{"rendered":"<p>Databeskyttelsespolitik Hvem er vi? Vikar Basen&nbsp; (\u201dvi\u201d, \u201dos\u201d, \u201dvores\u201d)Frydenlundsvej 302950&nbsp; Vedb\u00e6kTelf.: 44530055vikar@vikarbasen.dkwww.vikarbasen.dkCVR: 41615818 Introduktion N\u00e5r Vikar Basen i forbindelse med formidling af vikarer til kunder behandler personoplysninger, anser vi os for databehandler af alle de oplysninger vedr\u00f8rende en vikars baggrund, der er n\u00f8dvendige for at vurdere vikarens egnethed og r\u00e5dighed til at udf\u00f8re vikaropgaver hos [&hellip;]<\/p>\n","protected":false},"author":1,"featured_media":0,"parent":0,"menu_order":0,"comment_status":"closed","ping_status":"open","template":"","meta":{"footnotes":""},"class_list":["post-3","page","type-page","status-publish","hentry","post"],"_links":{"self":[{"href":"https:\/\/vikarbasen.dk\/index.php\/wp-json\/wp\/v2\/pages\/3","targetHints":{"allow":["GET"]}}],"collection":[{"href":"https:\/\/vikarbasen.dk\/index.php\/wp-json\/wp\/v2\/pages"}],"about":[{"href":"https:\/\/vikarbasen.dk\/index.php\/wp-json\/wp\/v2\/types\/page"}],"author":[{"embeddable":true,"href":"https:\/\/vikarbasen.dk\/index.php\/wp-json\/wp\/v2\/users\/1"}],"replies":[{"embeddable":true,"href":"https:\/\/vikarbasen.dk\/index.php\/wp-json\/wp\/v2\/comments?post=3"}],"version-history":[{"count":4,"href":"https:\/\/vikarbasen.dk\/index.php\/wp-json\/wp\/v2\/pages\/3\/revisions"}],"predecessor-version":[{"id":171,"href":"https:\/\/vikarbasen.dk\/index.php\/wp-json\/wp\/v2\/pages\/3\/revisions\/171"}],"wp:attachment":[{"href":"https:\/\/vikarbasen.dk\/index.php\/wp-json\/wp\/v2\/media?parent=3"}],"curies":[{"name":"wp","href":"https:\/\/api.w.org\/{rel}","templated":true}]}}